{"id":101647,"date":"2024-10-01T13:05:59","date_gmt":"2024-10-01T16:05:59","guid":{"rendered":"https:\/\/estiloromano.smartjoias.com.br\/escolhas\/shop\/sem categoria\/piercing-reto-2-zirconias-aco\/"},"modified":"2025-03-13T00:00:55","modified_gmt":"2025-03-13T03:00:55","slug":"piercing-reto-2-zirconias-aco","status":"publish","type":"product","link":"https:\/\/estiloromano.smartjoias.com.br\/escolhas\/shop\/sem-categoria\/piercing-reto-2-zirconias-aco\/","title":{"rendered":"Piercing Reto 2 Zirc\u00f4nias &#8211; A\u00e7o"},"content":{"rendered":"<p>Piercing Reto 2 Zirc\u00f4nias &#8211; A\u00e7o<\/p>\n","protected":false},"excerpt":{"rendered":"<p>Piercing Reto 2 Zirc\u00f4nias &#8211; A\u00e7o<\/p>\n","protected":false},"featured_media":104543,"template":"","meta":[],"product_cat":[2480],"product_tag":[],"class_list":{"0":"post-101647","1":"product","2":"type-product","3":"status-publish","4":"has-post-thumbnail","6":"product_cat-sem-categoria","8":"first","9":"instock","10":"shipping-taxable","11":"purchasable","12":"product-type-simple"},"fifu_image_url":"https:\/\/orgbling.s3.amazonaws.com\/25e28644d5bc765187a98d9415eab57d\/72f004e5b781b5b257c5b52e16d9c558?AWSAccessKeyId=AKIATCLMSGFX4J7TU445&Expires=1742439490&Signature=21rX2wTpD51FFerSt4ilk3o5lrQ%3D","_links":{"self":[{"href":"https:\/\/estiloromano.smartjoias.com.br\/escolhas\/wp-json\/wp\/v2\/product\/101647","targetHints":{"allow":["GET"]}}],"collection":[{"href":"https:\/\/estiloromano.smartjoias.com.br\/escolhas\/wp-json\/wp\/v2\/product"}],"about":[{"href":"https:\/\/estiloromano.smartjoias.com.br\/escolhas\/wp-json\/wp\/v2\/types\/product"}],"wp:featuredmedia":[{"embeddable":true,"href":"https:\/\/estiloromano.smartjoias.com.br\/escolhas\/wp-json\/wp\/v2\/media\/104543"}],"wp:attachment":[{"href":"https:\/\/estiloromano.smartjoias.com.br\/escolhas\/wp-json\/wp\/v2\/media?parent=101647"}],"wp:term":[{"taxonomy":"product_cat","embeddable":true,"href":"https:\/\/estiloromano.smartjoias.com.br\/escolhas\/wp-json\/wp\/v2\/product_cat?post=101647"},{"taxonomy":"product_tag","embeddable":true,"href":"https:\/\/estiloromano.smartjoias.com.br\/escolhas\/wp-json\/wp\/v2\/product_tag?post=101647"}],"curies":[{"name":"wp","href":"https:\/\/api.w.org\/{rel}","templated":true}]}}