{"id":102553,"date":"2024-10-02T23:19:54","date_gmt":"2024-10-03T02:19:54","guid":{"rendered":"https:\/\/estiloromano.smartjoias.com.br\/escolhas\/shop\/sem categoria\/piercing-argolinha-cravejada-torcao-em-aco-banhado-a-ouro-2\/"},"modified":"2025-03-24T20:59:19","modified_gmt":"2025-03-24T23:59:19","slug":"piercing-argolinha-cravejada-torcao-em-aco-banhado-a-ouro-2","status":"publish","type":"product","link":"https:\/\/estiloromano.smartjoias.com.br\/escolhas\/shop\/sem-categoria\/piercing-argolinha-cravejada-torcao-em-aco-banhado-a-ouro-2\/","title":{"rendered":"Piercing Argolinha Cravejada Tor\u00e7\u00e3o em A\u00e7o Banhado a Ouro"},"content":{"rendered":"<p>Piercing Argolinha Cravejada Tor\u00e7\u00e3o em A\u00e7o Banhado a Ouro<\/p>\n","protected":false},"excerpt":{"rendered":"<p>Piercing Argolinha Cravejada Tor\u00e7\u00e3o em A\u00e7o Banhado a Ouro<\/p>\n","protected":false},"featured_media":104576,"template":"","meta":[],"product_cat":[2480],"product_tag":[],"class_list":{"0":"post-102553","1":"product","2":"type-product","3":"status-publish","4":"has-post-thumbnail","6":"product_cat-sem-categoria","8":"first","9":"instock","10":"shipping-taxable","11":"purchasable","12":"product-type-simple"},"fifu_image_url":"https:\/\/orgbling.s3.amazonaws.com\/25e28644d5bc765187a98d9415eab57d\/b0f6410f92b304689213ffece5bab279?AWSAccessKeyId=AKIATCLMSGFX4J7TU445&Expires=1743465490&Signature=HSmm3xUCxZeYltI3OOv0l%2BuhAUc%3D","_links":{"self":[{"href":"https:\/\/estiloromano.smartjoias.com.br\/escolhas\/wp-json\/wp\/v2\/product\/102553","targetHints":{"allow":["GET"]}}],"collection":[{"href":"https:\/\/estiloromano.smartjoias.com.br\/escolhas\/wp-json\/wp\/v2\/product"}],"about":[{"href":"https:\/\/estiloromano.smartjoias.com.br\/escolhas\/wp-json\/wp\/v2\/types\/product"}],"wp:featuredmedia":[{"embeddable":true,"href":"https:\/\/estiloromano.smartjoias.com.br\/escolhas\/wp-json\/wp\/v2\/media\/104576"}],"wp:attachment":[{"href":"https:\/\/estiloromano.smartjoias.com.br\/escolhas\/wp-json\/wp\/v2\/media?parent=102553"}],"wp:term":[{"taxonomy":"product_cat","embeddable":true,"href":"https:\/\/estiloromano.smartjoias.com.br\/escolhas\/wp-json\/wp\/v2\/product_cat?post=102553"},{"taxonomy":"product_tag","embeddable":true,"href":"https:\/\/estiloromano.smartjoias.com.br\/escolhas\/wp-json\/wp\/v2\/product_tag?post=102553"}],"curies":[{"name":"wp","href":"https:\/\/api.w.org\/{rel}","templated":true}]}}