{"id":104285,"date":"2024-10-12T13:35:22","date_gmt":"2024-10-12T16:35:22","guid":{"rendered":"https:\/\/estiloromano.smartjoias.com.br\/escolhas\/shop\/sem categoria\/brinco-baby-coracao-tarraxa-baby-banhado-a-ouro\/"},"modified":"2025-03-24T20:55:22","modified_gmt":"2025-03-24T23:55:22","slug":"brinco-baby-coracao-tarraxa-baby-banhado-a-ouro","status":"publish","type":"product","link":"https:\/\/estiloromano.smartjoias.com.br\/escolhas\/shop\/sem-categoria\/brinco-baby-coracao-tarraxa-baby-banhado-a-ouro\/","title":{"rendered":"Brinco Baby Cora\u00e7\u00e3o Tarraxa Baby Banhado a Ouro"},"content":{"rendered":"<p>Brinco Baby Cora\u00e7\u00e3o Tarraxa Baby Banhado a Ouro<\/p>\n","protected":false},"excerpt":{"rendered":"<p>Brinco Baby Cora\u00e7\u00e3o Tarraxa Baby Banhado a Ouro<\/p>\n","protected":false},"featured_media":104546,"template":"","meta":[],"product_cat":[2480],"product_tag":[],"class_list":{"0":"post-104285","1":"product","2":"type-product","3":"status-publish","4":"has-post-thumbnail","6":"product_cat-sem-categoria","8":"first","9":"instock","10":"shipping-taxable","11":"purchasable","12":"product-type-simple"},"fifu_image_url":"https:\/\/orgbling.s3.amazonaws.com\/25e28644d5bc765187a98d9415eab57d\/20934e967515c4e28b29357ed8a70c9e?AWSAccessKeyId=AKIATCLMSGFX4J7TU445&Expires=1743465238&Signature=uIWkT6%2FB0gbCra1IA1EZ1UNuxQo%3D","_links":{"self":[{"href":"https:\/\/estiloromano.smartjoias.com.br\/escolhas\/wp-json\/wp\/v2\/product\/104285","targetHints":{"allow":["GET"]}}],"collection":[{"href":"https:\/\/estiloromano.smartjoias.com.br\/escolhas\/wp-json\/wp\/v2\/product"}],"about":[{"href":"https:\/\/estiloromano.smartjoias.com.br\/escolhas\/wp-json\/wp\/v2\/types\/product"}],"wp:featuredmedia":[{"embeddable":true,"href":"https:\/\/estiloromano.smartjoias.com.br\/escolhas\/wp-json\/wp\/v2\/media\/104546"}],"wp:attachment":[{"href":"https:\/\/estiloromano.smartjoias.com.br\/escolhas\/wp-json\/wp\/v2\/media?parent=104285"}],"wp:term":[{"taxonomy":"product_cat","embeddable":true,"href":"https:\/\/estiloromano.smartjoias.com.br\/escolhas\/wp-json\/wp\/v2\/product_cat?post=104285"},{"taxonomy":"product_tag","embeddable":true,"href":"https:\/\/estiloromano.smartjoias.com.br\/escolhas\/wp-json\/wp\/v2\/product_tag?post=104285"}],"curies":[{"name":"wp","href":"https:\/\/api.w.org\/{rel}","templated":true}]}}