{"id":104732,"date":"2024-10-29T16:21:38","date_gmt":"2024-10-29T19:21:38","guid":{"rendered":"https:\/\/estiloromano.smartjoias.com.br\/escolhas\/shop\/sem categoria\/kit-tres-brincos-coracao-e-flores-banhado-a-prata\/"},"modified":"2025-03-24T20:53:43","modified_gmt":"2025-03-24T23:53:43","slug":"kit-tres-brincos-coracao-e-flores-banhado-a-prata","status":"publish","type":"product","link":"https:\/\/estiloromano.smartjoias.com.br\/escolhas\/shop\/sem-categoria\/kit-tres-brincos-coracao-e-flores-banhado-a-prata\/","title":{"rendered":"Kit Tr\u00eas Brincos Cora\u00e7\u00e3o e Flores &#8211; Banhado a Prata"},"content":{"rendered":"<p>Kit Tr\u00eas Brincos Cora\u00e7\u00e3o e Flores &#8211; Banhado a Prata<\/p>\n","protected":false},"excerpt":{"rendered":"<p>Kit Tr\u00eas Brincos Cora\u00e7\u00e3o e Flores &#8211; Banhado a Prata<\/p>\n","protected":false},"featured_media":104734,"template":"","meta":[],"product_cat":[2480],"product_tag":[],"class_list":{"0":"post-104732","1":"product","2":"type-product","3":"status-publish","4":"has-post-thumbnail","6":"product_cat-sem-categoria","8":"first","9":"instock","10":"shipping-taxable","11":"purchasable","12":"product-type-simple"},"fifu_image_url":"https:\/\/orgbling.s3.amazonaws.com\/25e28644d5bc765187a98d9415eab57d\/3f397d512c0634b290ffafdbebcbcc61?AWSAccessKeyId=AKIATCLMSGFX4J7TU445&Expires=1743464993&Signature=AJFUn1xaXrg1zP7KoCTTh0Mveck%3D","_links":{"self":[{"href":"https:\/\/estiloromano.smartjoias.com.br\/escolhas\/wp-json\/wp\/v2\/product\/104732","targetHints":{"allow":["GET"]}}],"collection":[{"href":"https:\/\/estiloromano.smartjoias.com.br\/escolhas\/wp-json\/wp\/v2\/product"}],"about":[{"href":"https:\/\/estiloromano.smartjoias.com.br\/escolhas\/wp-json\/wp\/v2\/types\/product"}],"wp:featuredmedia":[{"embeddable":true,"href":"https:\/\/estiloromano.smartjoias.com.br\/escolhas\/wp-json\/wp\/v2\/media\/104734"}],"wp:attachment":[{"href":"https:\/\/estiloromano.smartjoias.com.br\/escolhas\/wp-json\/wp\/v2\/media?parent=104732"}],"wp:term":[{"taxonomy":"product_cat","embeddable":true,"href":"https:\/\/estiloromano.smartjoias.com.br\/escolhas\/wp-json\/wp\/v2\/product_cat?post=104732"},{"taxonomy":"product_tag","embeddable":true,"href":"https:\/\/estiloromano.smartjoias.com.br\/escolhas\/wp-json\/wp\/v2\/product_tag?post=104732"}],"curies":[{"name":"wp","href":"https:\/\/api.w.org\/{rel}","templated":true}]}}