{"id":104986,"date":"2024-11-26T10:56:03","date_gmt":"2024-11-26T13:56:03","guid":{"rendered":"https:\/\/estiloromano.smartjoias.com.br\/escolhas\/shop\/uncategorized\/choker-coracoes-pendentes-banhado-a-prata\/"},"modified":"2025-03-24T20:50:39","modified_gmt":"2025-03-24T23:50:39","slug":"choker-coracoes-pendentes-banhado-a-prata","status":"publish","type":"product","link":"https:\/\/estiloromano.smartjoias.com.br\/escolhas\/shop\/sem-categoria\/choker-coracoes-pendentes-banhado-a-prata\/","title":{"rendered":"Choker Cora\u00e7\u00f5es Pendentes &#8211; Banhado a Prata"},"content":{"rendered":"<p>Choker Cora\u00e7\u00f5es Pendentes &#8211; Banhado a Prata<\/p>\n","protected":false},"excerpt":{"rendered":"<p>Choker Cora\u00e7\u00f5es Pendentes &#8211; Banhado a Prata<\/p>\n","protected":false},"featured_media":106939,"template":"","meta":[],"product_cat":[2480],"product_tag":[],"class_list":{"0":"post-104986","1":"product","2":"type-product","3":"status-publish","4":"has-post-thumbnail","6":"product_cat-sem-categoria","8":"first","9":"instock","10":"shipping-taxable","11":"purchasable","12":"product-type-simple"},"fifu_image_url":"https:\/\/orgbling.s3.amazonaws.com\/25e28644d5bc765187a98d9415eab57d\/10c613c3b930014ce4edaf01397d7f3e?AWSAccessKeyId=AKIATCLMSGFX4J7TU445&Expires=1743464993&Signature=Zn098xEemfhlDUusedlJuRh9fS0%3D","_links":{"self":[{"href":"https:\/\/estiloromano.smartjoias.com.br\/escolhas\/wp-json\/wp\/v2\/product\/104986","targetHints":{"allow":["GET"]}}],"collection":[{"href":"https:\/\/estiloromano.smartjoias.com.br\/escolhas\/wp-json\/wp\/v2\/product"}],"about":[{"href":"https:\/\/estiloromano.smartjoias.com.br\/escolhas\/wp-json\/wp\/v2\/types\/product"}],"wp:featuredmedia":[{"embeddable":true,"href":"https:\/\/estiloromano.smartjoias.com.br\/escolhas\/wp-json\/wp\/v2\/media\/106939"}],"wp:attachment":[{"href":"https:\/\/estiloromano.smartjoias.com.br\/escolhas\/wp-json\/wp\/v2\/media?parent=104986"}],"wp:term":[{"taxonomy":"product_cat","embeddable":true,"href":"https:\/\/estiloromano.smartjoias.com.br\/escolhas\/wp-json\/wp\/v2\/product_cat?post=104986"},{"taxonomy":"product_tag","embeddable":true,"href":"https:\/\/estiloromano.smartjoias.com.br\/escolhas\/wp-json\/wp\/v2\/product_tag?post=104986"}],"curies":[{"name":"wp","href":"https:\/\/api.w.org\/{rel}","templated":true}]}}