{"id":107128,"date":"2025-02-17T22:50:40","date_gmt":"2025-02-18T01:50:40","guid":{"rendered":"https:\/\/estiloromano.smartjoias.com.br\/escolhas\/shop\/uncategorized\/brinco-coracao-madreperola-banhado-a-ouro\/"},"modified":"2025-03-24T20:07:26","modified_gmt":"2025-03-24T23:07:26","slug":"brinco-coracao-madreperola-banhado-a-ouro","status":"publish","type":"product","link":"https:\/\/estiloromano.smartjoias.com.br\/escolhas\/shop\/sem-categoria\/brinco-coracao-madreperola-banhado-a-ouro\/","title":{"rendered":"Brinco Cora\u00e7\u00e3o Madreperola Banhado a Ouro"},"content":{"rendered":"<p>Brinco Cora\u00e7\u00e3o Madreperola Banhado a Ouro<\/p>\n","protected":false},"excerpt":{"rendered":"<p>Brinco Cora\u00e7\u00e3o Madreperola Banhado a Ouro<\/p>\n","protected":false},"featured_media":107302,"template":"","meta":[],"product_cat":[2480],"product_tag":[],"class_list":{"0":"post-107128","1":"product","2":"type-product","3":"status-publish","4":"has-post-thumbnail","6":"product_cat-sem-categoria","8":"first","9":"instock","10":"shipping-taxable","11":"purchasable","12":"product-type-simple"},"fifu_image_url":"https:\/\/orgbling.s3.amazonaws.com\/25e28644d5bc765187a98d9415eab57d\/7b586dd8e1ce925a03fd51d7c69b43c6?AWSAccessKeyId=AKIATCLMSGFX4J7TU445&Expires=1743462299&Signature=M6k1BPf96%2FowoSQvHch5%2F4z81qw%3D","_links":{"self":[{"href":"https:\/\/estiloromano.smartjoias.com.br\/escolhas\/wp-json\/wp\/v2\/product\/107128","targetHints":{"allow":["GET"]}}],"collection":[{"href":"https:\/\/estiloromano.smartjoias.com.br\/escolhas\/wp-json\/wp\/v2\/product"}],"about":[{"href":"https:\/\/estiloromano.smartjoias.com.br\/escolhas\/wp-json\/wp\/v2\/types\/product"}],"wp:featuredmedia":[{"embeddable":true,"href":"https:\/\/estiloromano.smartjoias.com.br\/escolhas\/wp-json\/wp\/v2\/media\/107302"}],"wp:attachment":[{"href":"https:\/\/estiloromano.smartjoias.com.br\/escolhas\/wp-json\/wp\/v2\/media?parent=107128"}],"wp:term":[{"taxonomy":"product_cat","embeddable":true,"href":"https:\/\/estiloromano.smartjoias.com.br\/escolhas\/wp-json\/wp\/v2\/product_cat?post=107128"},{"taxonomy":"product_tag","embeddable":true,"href":"https:\/\/estiloromano.smartjoias.com.br\/escolhas\/wp-json\/wp\/v2\/product_tag?post=107128"}],"curies":[{"name":"wp","href":"https:\/\/api.w.org\/{rel}","templated":true}]}}