{"id":45546,"date":"2023-08-27T11:09:45","date_gmt":"2023-08-27T14:09:45","guid":{"rendered":"https:\/\/estiloromano.smartjoias.com.br\/escolhas\/shop\/sem categoria\/pulseira-coracao-27mm-pendente-de-elos-banhado-a-ouro\/"},"modified":"2024-02-17T15:51:23","modified_gmt":"2024-02-17T18:51:23","slug":"pulseira-coracao-27mm-pendente-de-elos-banhado-a-ouro","status":"publish","type":"product","link":"https:\/\/estiloromano.smartjoias.com.br\/escolhas\/shop\/pulseiras-de-coracao-ouro\/pulseira-coracao-27mm-pendente-de-elos-banhado-a-ouro\/","title":{"rendered":"Pulseira Cora\u00e7\u00e3o 27mm Pendente de Elos  &#8211; Banhado a Ouro"},"content":{"rendered":"<p>Pulseira Cora\u00e7\u00e3o 27mm Pendente de Elos  &#8211; Banhado a Ouro<\/p>\n","protected":false},"excerpt":{"rendered":"<p>Pulseira Cora\u00e7\u00e3o 27mm Pendente de Elos &#8211; Banhado a Ouro<\/p>\n","protected":false},"featured_media":0,"template":"","meta":[],"product_cat":[2805],"product_tag":[],"class_list":{"0":"post-45546","1":"product","2":"type-product","3":"status-publish","5":"product_cat-pulseiras-de-coracao-ouro","7":"first","8":"instock","9":"shipping-taxable","10":"purchasable","11":"product-type-simple"},"fifu_image_url":"https:\/\/orgbling.s3.amazonaws.com\/25e28644d5bc765187a98d9415eab57d\/c59e7d3045d889365137fdcd9b36bf0f?AWSAccessKeyId=AKIATCLMSGFX4J7TU445&Expires=1708800503&Signature=x5tl%2FQDTTJQg0pQ4XpQEH%2B7h%2BOs%3D","_links":{"self":[{"href":"https:\/\/estiloromano.smartjoias.com.br\/escolhas\/wp-json\/wp\/v2\/product\/45546","targetHints":{"allow":["GET"]}}],"collection":[{"href":"https:\/\/estiloromano.smartjoias.com.br\/escolhas\/wp-json\/wp\/v2\/product"}],"about":[{"href":"https:\/\/estiloromano.smartjoias.com.br\/escolhas\/wp-json\/wp\/v2\/types\/product"}],"wp:attachment":[{"href":"https:\/\/estiloromano.smartjoias.com.br\/escolhas\/wp-json\/wp\/v2\/media?parent=45546"}],"wp:term":[{"taxonomy":"product_cat","embeddable":true,"href":"https:\/\/estiloromano.smartjoias.com.br\/escolhas\/wp-json\/wp\/v2\/product_cat?post=45546"},{"taxonomy":"product_tag","embeddable":true,"href":"https:\/\/estiloromano.smartjoias.com.br\/escolhas\/wp-json\/wp\/v2\/product_tag?post=45546"}],"curies":[{"name":"wp","href":"https:\/\/api.w.org\/{rel}","templated":true}]}}