{"id":45612,"date":"2023-08-27T11:17:15","date_gmt":"2023-08-27T14:17:15","guid":{"rendered":"https:\/\/estiloromano.smartjoias.com.br\/escolhas\/shop\/sem categoria\/brinco-gota-de-luz-rosa-com-mircrozirconias-banhado-a-rodio-branco\/"},"modified":"2024-02-17T15:54:02","modified_gmt":"2024-02-17T18:54:02","slug":"brinco-gota-de-luz-rosa-com-mircrozirconias-banhado-a-rodio-branco","status":"publish","type":"product","link":"https:\/\/estiloromano.smartjoias.com.br\/escolhas\/shop\/brincos-com-zirconia-rodio-branco\/brinco-gota-de-luz-rosa-com-mircrozirconias-banhado-a-rodio-branco\/","title":{"rendered":"Brinco Gota de Luz Rosa com Mircrozirc\u00f4nias &#8211; Banhado a R\u00f3dio Branco"},"content":{"rendered":"<p>Brinco Gota de Luz Rosa com Mircrozirc\u00f4nias &#8211; Banhado a R\u00f3dio Branco<\/p>\n","protected":false},"excerpt":{"rendered":"<p>Brinco Gota de Luz Rosa com Mircrozirc\u00f4nias &#8211; Banhado a R\u00f3dio Branco<\/p>\n","protected":false},"featured_media":0,"template":"","meta":[],"product_cat":[2761],"product_tag":[],"class_list":{"0":"post-45612","1":"product","2":"type-product","3":"status-publish","5":"product_cat-brincos-com-zirconia-rodio-branco","7":"first","8":"instock","9":"shipping-taxable","10":"purchasable","11":"product-type-simple"},"_links":{"self":[{"href":"https:\/\/estiloromano.smartjoias.com.br\/escolhas\/wp-json\/wp\/v2\/product\/45612","targetHints":{"allow":["GET"]}}],"collection":[{"href":"https:\/\/estiloromano.smartjoias.com.br\/escolhas\/wp-json\/wp\/v2\/product"}],"about":[{"href":"https:\/\/estiloromano.smartjoias.com.br\/escolhas\/wp-json\/wp\/v2\/types\/product"}],"wp:attachment":[{"href":"https:\/\/estiloromano.smartjoias.com.br\/escolhas\/wp-json\/wp\/v2\/media?parent=45612"}],"wp:term":[{"taxonomy":"product_cat","embeddable":true,"href":"https:\/\/estiloromano.smartjoias.com.br\/escolhas\/wp-json\/wp\/v2\/product_cat?post=45612"},{"taxonomy":"product_tag","embeddable":true,"href":"https:\/\/estiloromano.smartjoias.com.br\/escolhas\/wp-json\/wp\/v2\/product_tag?post=45612"}],"curies":[{"name":"wp","href":"https:\/\/api.w.org\/{rel}","templated":true}]}}