{"id":45973,"date":"2023-08-27T11:43:28","date_gmt":"2023-08-27T14:43:28","guid":{"rendered":"https:\/\/estiloromano.smartjoias.com.br\/escolhas\/shop\/sem categoria\/piercing-umbigo-bolinha-com-zirconia-em-aco\/"},"modified":"2024-02-03T20:56:31","modified_gmt":"2024-02-03T23:56:31","slug":"piercing-umbigo-bolinha-com-zirconia-em-aco","status":"publish","type":"product","link":"https:\/\/estiloromano.smartjoias.com.br\/escolhas\/shop\/\/umbigo\/piercing-umbigo-bolinha-com-zirconia-em-aco\/","title":{"rendered":"Piercing Umbigo Bolinha com Zirc\u00f4nia em A\u00e7o"},"content":{"rendered":"<p>Piercing Umbigo Bolinha com Zirc\u00f4nia em A\u00e7o<\/p>\n","protected":false},"excerpt":{"rendered":"<p>Piercing Umbigo Bolinha com Zirc\u00f4nia em A\u00e7o<\/p>\n","protected":false},"featured_media":0,"template":"","meta":[],"product_cat":[827],"product_tag":[],"class_list":{"0":"post-45973","1":"product","2":"type-product","3":"status-publish","5":"product_cat-umbigo","7":"first","8":"instock","9":"shipping-taxable","10":"purchasable","11":"product-type-simple"},"_links":{"self":[{"href":"https:\/\/estiloromano.smartjoias.com.br\/escolhas\/wp-json\/wp\/v2\/product\/45973","targetHints":{"allow":["GET"]}}],"collection":[{"href":"https:\/\/estiloromano.smartjoias.com.br\/escolhas\/wp-json\/wp\/v2\/product"}],"about":[{"href":"https:\/\/estiloromano.smartjoias.com.br\/escolhas\/wp-json\/wp\/v2\/types\/product"}],"wp:attachment":[{"href":"https:\/\/estiloromano.smartjoias.com.br\/escolhas\/wp-json\/wp\/v2\/media?parent=45973"}],"wp:term":[{"taxonomy":"product_cat","embeddable":true,"href":"https:\/\/estiloromano.smartjoias.com.br\/escolhas\/wp-json\/wp\/v2\/product_cat?post=45973"},{"taxonomy":"product_tag","embeddable":true,"href":"https:\/\/estiloromano.smartjoias.com.br\/escolhas\/wp-json\/wp\/v2\/product_tag?post=45973"}],"curies":[{"name":"wp","href":"https:\/\/api.w.org\/{rel}","templated":true}]}}