{"id":46245,"date":"2023-08-27T11:49:17","date_gmt":"2023-08-27T14:49:17","guid":{"rendered":"https:\/\/estiloromano.smartjoias.com.br\/escolhas\/shop\/sem categoria\/pulseira-maleavel-fecho-love-banhado-a-rodio-branco-tamanho17\/"},"modified":"2023-11-22T16:35:04","modified_gmt":"2023-11-22T19:35:04","slug":"pulseira-maleavel-fecho-love-banhado-a-rodio-branco-tamanho17","status":"publish","type":"product","link":"https:\/\/estiloromano.smartjoias.com.br\/escolhas\/shop\/pulseiras\/pulseira-maleavel-fecho-love-banhado-a-rodio-branco-tamanho17\/","title":{"rendered":"Pulseira Male\u00e1vel Fecho LOVE &#8211; Banhado a R\u00f3dio Branco Tamanho:17"},"content":{"rendered":"<p>Pulseira Male\u00e1vel Fecho LOVE &#8211; Banhado a R\u00f3dio Branco Tamanho:17<\/p>\n","protected":false},"excerpt":{"rendered":"<p>Pulseira Male\u00e1vel Fecho LOVE &#8211; Banhado a R\u00f3dio Branco Tamanho:17<\/p>\n","protected":false},"featured_media":0,"template":"","meta":[],"product_cat":[2677],"product_tag":[],"class_list":{"0":"post-46245","1":"product","2":"type-product","3":"status-publish","5":"product_cat-pulseiras","7":"first","8":"instock","9":"shipping-taxable","10":"purchasable","11":"product-type-simple"},"_links":{"self":[{"href":"https:\/\/estiloromano.smartjoias.com.br\/escolhas\/wp-json\/wp\/v2\/product\/46245","targetHints":{"allow":["GET"]}}],"collection":[{"href":"https:\/\/estiloromano.smartjoias.com.br\/escolhas\/wp-json\/wp\/v2\/product"}],"about":[{"href":"https:\/\/estiloromano.smartjoias.com.br\/escolhas\/wp-json\/wp\/v2\/types\/product"}],"wp:attachment":[{"href":"https:\/\/estiloromano.smartjoias.com.br\/escolhas\/wp-json\/wp\/v2\/media?parent=46245"}],"wp:term":[{"taxonomy":"product_cat","embeddable":true,"href":"https:\/\/estiloromano.smartjoias.com.br\/escolhas\/wp-json\/wp\/v2\/product_cat?post=46245"},{"taxonomy":"product_tag","embeddable":true,"href":"https:\/\/estiloromano.smartjoias.com.br\/escolhas\/wp-json\/wp\/v2\/product_tag?post=46245"}],"curies":[{"name":"wp","href":"https:\/\/api.w.org\/{rel}","templated":true}]}}