{"id":46387,"date":"2023-08-27T11:52:59","date_gmt":"2023-08-27T14:52:59","guid":{"rendered":"https:\/\/estiloromano.smartjoias.com.br\/escolhas\/shop\/sem categoria\/berloque-coracao-vazado-coracao-cravejado-banhado-a-ouro\/"},"modified":"2023-11-03T10:01:32","modified_gmt":"2023-11-03T13:01:32","slug":"berloque-coracao-vazado-coracao-cravejado-banhado-a-ouro","status":"publish","type":"product","link":"https:\/\/estiloromano.smartjoias.com.br\/escolhas\/shop\/berloques\/berloque-coracao-vazado-coracao-cravejado-banhado-a-ouro\/","title":{"rendered":"Berloque Cora\u00e7\u00e3o Vazado Cora\u00e7\u00e3o Cravejado &#8211; Banhado a Ouro"},"content":{"rendered":"<p>Berloque Cora\u00e7\u00e3o Vazado Cora\u00e7\u00e3o Cravejado &#8211; Banhado a Ouro<\/p>\n","protected":false},"excerpt":{"rendered":"<p>Berloque Cora\u00e7\u00e3o Vazado Cora\u00e7\u00e3o Cravejado &#8211; Banhado a Ouro<\/p>\n","protected":false},"featured_media":0,"template":"","meta":[],"product_cat":[2783],"product_tag":[],"class_list":{"0":"post-46387","1":"product","2":"type-product","3":"status-publish","5":"product_cat-berloques","7":"first","8":"instock","9":"shipping-taxable","10":"purchasable","11":"product-type-simple"},"_links":{"self":[{"href":"https:\/\/estiloromano.smartjoias.com.br\/escolhas\/wp-json\/wp\/v2\/product\/46387","targetHints":{"allow":["GET"]}}],"collection":[{"href":"https:\/\/estiloromano.smartjoias.com.br\/escolhas\/wp-json\/wp\/v2\/product"}],"about":[{"href":"https:\/\/estiloromano.smartjoias.com.br\/escolhas\/wp-json\/wp\/v2\/types\/product"}],"wp:attachment":[{"href":"https:\/\/estiloromano.smartjoias.com.br\/escolhas\/wp-json\/wp\/v2\/media?parent=46387"}],"wp:term":[{"taxonomy":"product_cat","embeddable":true,"href":"https:\/\/estiloromano.smartjoias.com.br\/escolhas\/wp-json\/wp\/v2\/product_cat?post=46387"},{"taxonomy":"product_tag","embeddable":true,"href":"https:\/\/estiloromano.smartjoias.com.br\/escolhas\/wp-json\/wp\/v2\/product_tag?post=46387"}],"curies":[{"name":"wp","href":"https:\/\/api.w.org\/{rel}","templated":true}]}}