{"id":46437,"date":"2023-08-27T11:54:09","date_gmt":"2023-08-27T14:54:09","guid":{"rendered":"https:\/\/estiloromano.smartjoias.com.br\/escolhas\/shop\/sem categoria\/tornozeleira-coracoes-com-coracao-espelhado-banhado-a-ouro\/"},"modified":"2023-11-03T10:03:03","modified_gmt":"2023-11-03T13:03:03","slug":"tornozeleira-coracoes-com-coracao-espelhado-banhado-a-ouro","status":"publish","type":"product","link":"https:\/\/estiloromano.smartjoias.com.br\/escolhas\/shop\/tornozeleira-ouro\/tornozeleira-coracoes-com-coracao-espelhado-banhado-a-ouro\/","title":{"rendered":"Tornozeleira Cora\u00e7\u00f5es com Cora\u00e7\u00e3o Espelhado &#8211; Banhado a Ouro"},"content":{"rendered":"<p>Tornozeleira Cora\u00e7\u00f5es com Cora\u00e7\u00e3o Espelhado &#8211; Banhado a Ouro<\/p>\n","protected":false},"excerpt":{"rendered":"<p>Tornozeleira Cora\u00e7\u00f5es com Cora\u00e7\u00e3o Espelhado &#8211; Banhado a Ouro<\/p>\n","protected":false},"featured_media":0,"template":"","meta":[],"product_cat":[2750],"product_tag":[],"class_list":{"0":"post-46437","1":"product","2":"type-product","3":"status-publish","5":"product_cat-tornozeleira-ouro","7":"first","8":"instock","9":"shipping-taxable","10":"purchasable","11":"product-type-simple"},"_links":{"self":[{"href":"https:\/\/estiloromano.smartjoias.com.br\/escolhas\/wp-json\/wp\/v2\/product\/46437","targetHints":{"allow":["GET"]}}],"collection":[{"href":"https:\/\/estiloromano.smartjoias.com.br\/escolhas\/wp-json\/wp\/v2\/product"}],"about":[{"href":"https:\/\/estiloromano.smartjoias.com.br\/escolhas\/wp-json\/wp\/v2\/types\/product"}],"wp:attachment":[{"href":"https:\/\/estiloromano.smartjoias.com.br\/escolhas\/wp-json\/wp\/v2\/media?parent=46437"}],"wp:term":[{"taxonomy":"product_cat","embeddable":true,"href":"https:\/\/estiloromano.smartjoias.com.br\/escolhas\/wp-json\/wp\/v2\/product_cat?post=46437"},{"taxonomy":"product_tag","embeddable":true,"href":"https:\/\/estiloromano.smartjoias.com.br\/escolhas\/wp-json\/wp\/v2\/product_tag?post=46437"}],"curies":[{"name":"wp","href":"https:\/\/api.w.org\/{rel}","templated":true}]}}