{"id":46694,"date":"2023-08-27T11:59:40","date_gmt":"2023-08-27T14:59:40","guid":{"rendered":"https:\/\/estiloromano.smartjoias.com.br\/escolhas\/shop\/sem categoria\/tarraxa-de-sustentacao-corbanho-rodio-branco\/"},"modified":"2023-11-03T10:11:51","modified_gmt":"2023-11-03T13:11:51","slug":"tarraxa-de-sustentacao-corbanho-rodio-branco","status":"publish","type":"product","link":"https:\/\/estiloromano.smartjoias.com.br\/escolhas\/shop\/brincos-ouro\/tarraxa-de-sustentacao-corbanho-rodio-branco\/","title":{"rendered":"Tarraxa de Sustenta\u00e7\u00e3o Cor:Banho R\u00f3dio Branco"},"content":{"rendered":"<p>Tarraxa de Sustenta\u00e7\u00e3o Cor:Banho R\u00f3dio Branco<\/p>\n","protected":false},"excerpt":{"rendered":"<p>Tarraxa de Sustenta\u00e7\u00e3o Cor:Banho R\u00f3dio Branco<\/p>\n","protected":false},"featured_media":0,"template":"","meta":[],"product_cat":[2732],"product_tag":[],"class_list":{"0":"post-46694","1":"product","2":"type-product","3":"status-publish","5":"product_cat-brincos-ouro","7":"first","8":"instock","9":"shipping-taxable","10":"purchasable","11":"product-type-simple"},"_links":{"self":[{"href":"https:\/\/estiloromano.smartjoias.com.br\/escolhas\/wp-json\/wp\/v2\/product\/46694","targetHints":{"allow":["GET"]}}],"collection":[{"href":"https:\/\/estiloromano.smartjoias.com.br\/escolhas\/wp-json\/wp\/v2\/product"}],"about":[{"href":"https:\/\/estiloromano.smartjoias.com.br\/escolhas\/wp-json\/wp\/v2\/types\/product"}],"wp:attachment":[{"href":"https:\/\/estiloromano.smartjoias.com.br\/escolhas\/wp-json\/wp\/v2\/media?parent=46694"}],"wp:term":[{"taxonomy":"product_cat","embeddable":true,"href":"https:\/\/estiloromano.smartjoias.com.br\/escolhas\/wp-json\/wp\/v2\/product_cat?post=46694"},{"taxonomy":"product_tag","embeddable":true,"href":"https:\/\/estiloromano.smartjoias.com.br\/escolhas\/wp-json\/wp\/v2\/product_tag?post=46694"}],"curies":[{"name":"wp","href":"https:\/\/api.w.org\/{rel}","templated":true}]}}