{"id":47269,"date":"2023-08-28T11:04:50","date_gmt":"2023-08-28T14:04:50","guid":{"rendered":"https:\/\/estiloromano.smartjoias.com.br\/escolhas\/shop\/sem categoria\/pulseira-maleavel-fecho-trava-lisa-aco-inoxidavel-tamanho20cm\/"},"modified":"2023-10-28T16:36:43","modified_gmt":"2023-10-28T19:36:43","slug":"pulseira-maleavel-fecho-trava-lisa-aco-inoxidavel-tamanho20cm","status":"publish","type":"product","link":"https:\/\/estiloromano.smartjoias.com.br\/escolhas\/shop\/pulseiras\/pulseira-maleavel-fecho-trava-lisa-aco-inoxidavel-tamanho20cm\/","title":{"rendered":"Pulseira Male\u00e1vel Fecho Trava Lisa &#8211; A\u00e7o Inoxid\u00e1vel Tamanho:20cm"},"content":{"rendered":"<p>Pulseira Male\u00e1vel Fecho Trava Lisa &#8211; A\u00e7o Inoxid\u00e1vel Tamanho:20cm<\/p>\n","protected":false},"excerpt":{"rendered":"<p>Pulseira Male\u00e1vel Fecho Trava Lisa &#8211; A\u00e7o Inoxid\u00e1vel Tamanho:20cm<\/p>\n","protected":false},"featured_media":0,"template":"","meta":[],"product_cat":[2677],"product_tag":[],"class_list":{"0":"post-47269","1":"product","2":"type-product","3":"status-publish","5":"product_cat-pulseiras","7":"first","8":"instock","9":"shipping-taxable","10":"purchasable","11":"product-type-simple"},"_links":{"self":[{"href":"https:\/\/estiloromano.smartjoias.com.br\/escolhas\/wp-json\/wp\/v2\/product\/47269","targetHints":{"allow":["GET"]}}],"collection":[{"href":"https:\/\/estiloromano.smartjoias.com.br\/escolhas\/wp-json\/wp\/v2\/product"}],"about":[{"href":"https:\/\/estiloromano.smartjoias.com.br\/escolhas\/wp-json\/wp\/v2\/types\/product"}],"wp:attachment":[{"href":"https:\/\/estiloromano.smartjoias.com.br\/escolhas\/wp-json\/wp\/v2\/media?parent=47269"}],"wp:term":[{"taxonomy":"product_cat","embeddable":true,"href":"https:\/\/estiloromano.smartjoias.com.br\/escolhas\/wp-json\/wp\/v2\/product_cat?post=47269"},{"taxonomy":"product_tag","embeddable":true,"href":"https:\/\/estiloromano.smartjoias.com.br\/escolhas\/wp-json\/wp\/v2\/product_tag?post=47269"}],"curies":[{"name":"wp","href":"https:\/\/api.w.org\/{rel}","templated":true}]}}