{"id":47573,"date":"2023-08-28T11:11:39","date_gmt":"2023-08-28T14:11:39","guid":{"rendered":"https:\/\/estiloromano.smartjoias.com.br\/escolhas\/shop\/sem categoria\/anel-meia-alianca-cravejado-banhado-a-rodio-branco-tamanho21\/"},"modified":"2023-10-22T13:44:34","modified_gmt":"2023-10-22T16:44:34","slug":"anel-meia-alianca-cravejado-banhado-a-rodio-branco-tamanho21","status":"publish","type":"product","link":"https:\/\/estiloromano.smartjoias.com.br\/escolhas\/shop\/meia-alianca-rodio-branco\/anel-meia-alianca-cravejado-banhado-a-rodio-branco-tamanho21\/","title":{"rendered":"Anel Meia Alian\u00e7a Cravejado &#8211; Banhado a R\u00f3dio Branco Tamanho:21"},"content":{"rendered":"<p>Anel Meia Alian\u00e7a Cravejado &#8211; Banhado a R\u00f3dio Branco Tamanho:21<\/p>\n","protected":false},"excerpt":{"rendered":"<p>Anel Meia Alian\u00e7a Cravejado &#8211; Banhado a R\u00f3dio Branco Tamanho:21<\/p>\n","protected":false},"featured_media":0,"template":"","meta":[],"product_cat":[2815],"product_tag":[],"class_list":{"0":"post-47573","1":"product","2":"type-product","3":"status-publish","5":"product_cat-meia-alianca-rodio-branco","7":"first","8":"instock","9":"shipping-taxable","10":"purchasable","11":"product-type-simple"},"_links":{"self":[{"href":"https:\/\/estiloromano.smartjoias.com.br\/escolhas\/wp-json\/wp\/v2\/product\/47573","targetHints":{"allow":["GET"]}}],"collection":[{"href":"https:\/\/estiloromano.smartjoias.com.br\/escolhas\/wp-json\/wp\/v2\/product"}],"about":[{"href":"https:\/\/estiloromano.smartjoias.com.br\/escolhas\/wp-json\/wp\/v2\/types\/product"}],"wp:attachment":[{"href":"https:\/\/estiloromano.smartjoias.com.br\/escolhas\/wp-json\/wp\/v2\/media?parent=47573"}],"wp:term":[{"taxonomy":"product_cat","embeddable":true,"href":"https:\/\/estiloromano.smartjoias.com.br\/escolhas\/wp-json\/wp\/v2\/product_cat?post=47573"},{"taxonomy":"product_tag","embeddable":true,"href":"https:\/\/estiloromano.smartjoias.com.br\/escolhas\/wp-json\/wp\/v2\/product_tag?post=47573"}],"curies":[{"name":"wp","href":"https:\/\/api.w.org\/{rel}","templated":true}]}}