{"id":49840,"date":"2023-08-30T23:03:43","date_gmt":"2023-08-31T02:03:43","guid":{"rendered":"https:\/\/estiloromano.smartjoias.com.br\/escolhas\/shop\/sem%20categoria\/piercing-tres-borboletas-cravejadas-em-aco\/"},"modified":"2024-02-26T13:26:14","modified_gmt":"2024-02-26T16:26:14","slug":"piercing-tres-borboletas-cravejadas-em-aco","status":"publish","type":"product","link":"https:\/\/estiloromano.smartjoias.com.br\/escolhas\/shop\/sem-categoria\/piercing-tres-borboletas-cravejadas-em-aco\/","title":{"rendered":"Piercing Tr\u00eas Borboletas Cravejadas em A\u00e7o"},"content":{"rendered":"<p>Piercing Tr\u00eas Borboletas Cravejadas  Lado Esquerdo em A\u00e7o<\/p>\n","protected":false},"excerpt":{"rendered":"<p>Piercing Tr\u00eas Borboletas Cravejadas Lado Esquerdo em A\u00e7o<\/p>\n","protected":false},"featured_media":0,"template":"","meta":[],"product_cat":[2480],"product_tag":[],"class_list":{"0":"post-49840","1":"product","2":"type-product","3":"status-publish","5":"product_cat-sem-categoria","7":"first","8":"instock","9":"shipping-taxable","10":"purchasable","11":"product-type-simple"},"fifu_image_url":"https:\/\/orgbling.s3.amazonaws.com\/25e28644d5bc765187a98d9415eab57d\/068089a12925d0a1a6037abedc5841c9?AWSAccessKeyId=AKIATCLMSGFX4J7TU445&Expires=1709569434&Signature=bu35%2FJLPkglwdY0wWkVTZZnQMzU%3D","_links":{"self":[{"href":"https:\/\/estiloromano.smartjoias.com.br\/escolhas\/wp-json\/wp\/v2\/product\/49840","targetHints":{"allow":["GET"]}}],"collection":[{"href":"https:\/\/estiloromano.smartjoias.com.br\/escolhas\/wp-json\/wp\/v2\/product"}],"about":[{"href":"https:\/\/estiloromano.smartjoias.com.br\/escolhas\/wp-json\/wp\/v2\/types\/product"}],"wp:attachment":[{"href":"https:\/\/estiloromano.smartjoias.com.br\/escolhas\/wp-json\/wp\/v2\/media?parent=49840"}],"wp:term":[{"taxonomy":"product_cat","embeddable":true,"href":"https:\/\/estiloromano.smartjoias.com.br\/escolhas\/wp-json\/wp\/v2\/product_cat?post=49840"},{"taxonomy":"product_tag","embeddable":true,"href":"https:\/\/estiloromano.smartjoias.com.br\/escolhas\/wp-json\/wp\/v2\/product_tag?post=49840"}],"curies":[{"name":"wp","href":"https:\/\/api.w.org\/{rel}","templated":true}]}}