{"id":50048,"date":"2023-10-11T16:15:41","date_gmt":"2023-10-11T19:15:41","guid":{"rendered":"https:\/\/estiloromano.smartjoias.com.br\/escolhas\/shop\/sem categoria\/anel-coracao-cravejado-com-microzirconias-banhado-a-prata-tamanho15\/"},"modified":"2024-02-26T13:17:20","modified_gmt":"2024-02-26T16:17:20","slug":"anel-coracao-cravejado-com-microzirconias-banhado-a-prata-tamanho15","status":"publish","type":"product","link":"https:\/\/estiloromano.smartjoias.com.br\/escolhas\/shop\/sem-categoria\/anel-coracao-cravejado-com-microzirconias-banhado-a-prata-tamanho15\/","title":{"rendered":"Anel Cora\u00e7\u00e3o Cravejado com Microzirc\u00f4nias  &#8211; Banhado a Prata Tamanho:15"},"content":{"rendered":"<p>Anel Cora\u00e7\u00e3o Cravejado com Microzirc\u00f4nias  &#8211; Banhado a Prata Tamanho:15<\/p>\n","protected":false},"excerpt":{"rendered":"<p>Anel Cora\u00e7\u00e3o Cravejado com Microzirc\u00f4nias &#8211; Banhado a Prata Tamanho:15<\/p>\n","protected":false},"featured_media":0,"template":"","meta":[],"product_cat":[2480],"product_tag":[],"class_list":{"0":"post-50048","1":"product","2":"type-product","3":"status-publish","5":"product_cat-sem-categoria","7":"first","8":"instock","9":"shipping-taxable","10":"purchasable","11":"product-type-simple"},"_links":{"self":[{"href":"https:\/\/estiloromano.smartjoias.com.br\/escolhas\/wp-json\/wp\/v2\/product\/50048","targetHints":{"allow":["GET"]}}],"collection":[{"href":"https:\/\/estiloromano.smartjoias.com.br\/escolhas\/wp-json\/wp\/v2\/product"}],"about":[{"href":"https:\/\/estiloromano.smartjoias.com.br\/escolhas\/wp-json\/wp\/v2\/types\/product"}],"wp:attachment":[{"href":"https:\/\/estiloromano.smartjoias.com.br\/escolhas\/wp-json\/wp\/v2\/media?parent=50048"}],"wp:term":[{"taxonomy":"product_cat","embeddable":true,"href":"https:\/\/estiloromano.smartjoias.com.br\/escolhas\/wp-json\/wp\/v2\/product_cat?post=50048"},{"taxonomy":"product_tag","embeddable":true,"href":"https:\/\/estiloromano.smartjoias.com.br\/escolhas\/wp-json\/wp\/v2\/product_tag?post=50048"}],"curies":[{"name":"wp","href":"https:\/\/api.w.org\/{rel}","templated":true}]}}