{"id":50325,"date":"2023-10-28T15:48:31","date_gmt":"2023-10-28T18:48:31","guid":{"rendered":"https:\/\/estiloromano.smartjoias.com.br\/escolhas\/shop\/sem categoria\/pulseira-elos-de-coracao-com-coracao-e-ponto-de-luz-banhado-a-prata\/"},"modified":"2024-06-09T15:04:02","modified_gmt":"2024-06-09T18:04:02","slug":"pulseira-elos-de-coracao-com-coracao-e-ponto-de-luz-banhado-a-prata","status":"publish","type":"product","link":"https:\/\/estiloromano.smartjoias.com.br\/escolhas\/shop\/sem-categoria\/pulseira-elos-de-coracao-com-coracao-e-ponto-de-luz-banhado-a-prata\/","title":{"rendered":"Pulseira Elos de Cora\u00e7\u00e3o com Cora\u00e7\u00e3o e Ponto de Luz &#8211; Banhado a Prata"},"content":{"rendered":"<p>Pulseira Elos de Cora\u00e7\u00e3o com Cora\u00e7\u00e3o e Ponto de Luz &#8211; Banhado a Prata<\/p>\n","protected":false},"excerpt":{"rendered":"<p>Pulseira Elos de Cora\u00e7\u00e3o com Cora\u00e7\u00e3o e Ponto de Luz &#8211; Banhado a Prata<\/p>\n","protected":false},"featured_media":0,"template":"","meta":[],"product_cat":[2480],"product_tag":[],"class_list":{"0":"post-50325","1":"product","2":"type-product","3":"status-publish","5":"product_cat-sem-categoria","7":"first","8":"instock","9":"shipping-taxable","10":"purchasable","11":"product-type-simple"},"_links":{"self":[{"href":"https:\/\/estiloromano.smartjoias.com.br\/escolhas\/wp-json\/wp\/v2\/product\/50325","targetHints":{"allow":["GET"]}}],"collection":[{"href":"https:\/\/estiloromano.smartjoias.com.br\/escolhas\/wp-json\/wp\/v2\/product"}],"about":[{"href":"https:\/\/estiloromano.smartjoias.com.br\/escolhas\/wp-json\/wp\/v2\/types\/product"}],"wp:attachment":[{"href":"https:\/\/estiloromano.smartjoias.com.br\/escolhas\/wp-json\/wp\/v2\/media?parent=50325"}],"wp:term":[{"taxonomy":"product_cat","embeddable":true,"href":"https:\/\/estiloromano.smartjoias.com.br\/escolhas\/wp-json\/wp\/v2\/product_cat?post=50325"},{"taxonomy":"product_tag","embeddable":true,"href":"https:\/\/estiloromano.smartjoias.com.br\/escolhas\/wp-json\/wp\/v2\/product_tag?post=50325"}],"curies":[{"name":"wp","href":"https:\/\/api.w.org\/{rel}","templated":true}]}}