{"id":51176,"date":"2024-01-31T21:31:54","date_gmt":"2024-02-01T00:31:54","guid":{"rendered":"https:\/\/estiloromano.smartjoias.com.br\/escolhas\/shop\/sem categoria\/kit-trio-argolinhas-coracoes-lisos-banhado-a-ouro\/"},"modified":"2024-09-22T21:11:32","modified_gmt":"2024-09-23T00:11:32","slug":"kit-trio-argolinhas-coracoes-lisos-banhado-a-ouro","status":"publish","type":"product","link":"https:\/\/estiloromano.smartjoias.com.br\/escolhas\/shop\/sem-categoria\/kit-trio-argolinhas-coracoes-lisos-banhado-a-ouro\/","title":{"rendered":"Kit Trio Argolinhas Cora\u00e7\u00f5es Lisos &#8211; Banhado a Ouro"},"content":{"rendered":"<p>Kit Trio Argolinhas Cora\u00e7\u00f5es Lisos &#8211; Banhado a Ouro<\/p>\n","protected":false},"excerpt":{"rendered":"<p>Kit Trio Argolinhas Cora\u00e7\u00f5es Lisos &#8211; Banhado a Ouro<\/p>\n","protected":false},"featured_media":0,"template":"","meta":[],"product_cat":[2480],"product_tag":[],"class_list":{"0":"post-51176","1":"product","2":"type-product","3":"status-publish","5":"product_cat-sem-categoria","7":"first","8":"instock","9":"shipping-taxable","10":"purchasable","11":"product-type-simple"},"_links":{"self":[{"href":"https:\/\/estiloromano.smartjoias.com.br\/escolhas\/wp-json\/wp\/v2\/product\/51176","targetHints":{"allow":["GET"]}}],"collection":[{"href":"https:\/\/estiloromano.smartjoias.com.br\/escolhas\/wp-json\/wp\/v2\/product"}],"about":[{"href":"https:\/\/estiloromano.smartjoias.com.br\/escolhas\/wp-json\/wp\/v2\/types\/product"}],"wp:attachment":[{"href":"https:\/\/estiloromano.smartjoias.com.br\/escolhas\/wp-json\/wp\/v2\/media?parent=51176"}],"wp:term":[{"taxonomy":"product_cat","embeddable":true,"href":"https:\/\/estiloromano.smartjoias.com.br\/escolhas\/wp-json\/wp\/v2\/product_cat?post=51176"},{"taxonomy":"product_tag","embeddable":true,"href":"https:\/\/estiloromano.smartjoias.com.br\/escolhas\/wp-json\/wp\/v2\/product_tag?post=51176"}],"curies":[{"name":"wp","href":"https:\/\/api.w.org\/{rel}","templated":true}]}}