{"id":51531,"date":"2024-02-26T12:28:48","date_gmt":"2024-02-26T15:28:48","guid":{"rendered":"https:\/\/estiloromano.smartjoias.com.br\/escolhas\/shop\/sem categoria\/piercing-umbigo-zirconia-com-coracao-vazado-cravejado-aco-banhado-a-ouro\/"},"modified":"2024-09-22T21:05:57","modified_gmt":"2024-09-23T00:05:57","slug":"piercing-umbigo-zirconia-com-coracao-vazado-cravejado-aco-banhado-a-ouro","status":"publish","type":"product","link":"https:\/\/estiloromano.smartjoias.com.br\/escolhas\/shop\/sem-categoria\/piercing-umbigo-zirconia-com-coracao-vazado-cravejado-aco-banhado-a-ouro\/","title":{"rendered":"Piercing Umbigo Zirc\u00f4nia com Cora\u00e7\u00e3o Vazado Cravejado A\u00e7o Banhado a Ouro"},"content":{"rendered":"<p>Piercing Umbigo Zirc\u00f4nia com Cora\u00e7\u00e3o Vazado Cravejado A\u00e7o Banhado a Ouro<\/p>\n","protected":false},"excerpt":{"rendered":"<p>Piercing Umbigo Zirc\u00f4nia com Cora\u00e7\u00e3o Vazado Cravejado A\u00e7o Banhado a Ouro<\/p>\n","protected":false},"featured_media":0,"template":"","meta":[],"product_cat":[2480],"product_tag":[],"class_list":{"0":"post-51531","1":"product","2":"type-product","3":"status-publish","5":"product_cat-sem-categoria","7":"first","8":"instock","9":"shipping-taxable","10":"purchasable","11":"product-type-simple"},"_links":{"self":[{"href":"https:\/\/estiloromano.smartjoias.com.br\/escolhas\/wp-json\/wp\/v2\/product\/51531","targetHints":{"allow":["GET"]}}],"collection":[{"href":"https:\/\/estiloromano.smartjoias.com.br\/escolhas\/wp-json\/wp\/v2\/product"}],"about":[{"href":"https:\/\/estiloromano.smartjoias.com.br\/escolhas\/wp-json\/wp\/v2\/types\/product"}],"wp:attachment":[{"href":"https:\/\/estiloromano.smartjoias.com.br\/escolhas\/wp-json\/wp\/v2\/media?parent=51531"}],"wp:term":[{"taxonomy":"product_cat","embeddable":true,"href":"https:\/\/estiloromano.smartjoias.com.br\/escolhas\/wp-json\/wp\/v2\/product_cat?post=51531"},{"taxonomy":"product_tag","embeddable":true,"href":"https:\/\/estiloromano.smartjoias.com.br\/escolhas\/wp-json\/wp\/v2\/product_tag?post=51531"}],"curies":[{"name":"wp","href":"https:\/\/api.w.org\/{rel}","templated":true}]}}