{"id":51862,"date":"2024-03-05T20:00:55","date_gmt":"2024-03-05T23:00:55","guid":{"rendered":"https:\/\/estiloromano.smartjoias.com.br\/escolhas\/shop\/sem categoria\/colar-coracao-e-patinha-vazada-banhado-a-ouro\/"},"modified":"2024-11-14T21:03:34","modified_gmt":"2024-11-15T00:03:34","slug":"colar-coracao-e-patinha-vazada-banhado-a-ouro","status":"publish","type":"product","link":"https:\/\/estiloromano.smartjoias.com.br\/escolhas\/shop\/sem-categoria\/colar-coracao-e-patinha-vazada-banhado-a-ouro\/","title":{"rendered":"Colar Cora\u00e7\u00e3o e Patinha Vazada- Banhado a Ouro"},"content":{"rendered":"<p>Colar Cora\u00e7\u00e3o e Patinha Vazada- Banhado a Ouro<\/p>\n","protected":false},"excerpt":{"rendered":"<p>Colar Cora\u00e7\u00e3o e Patinha Vazada- Banhado a Ouro<\/p>\n","protected":false},"featured_media":104353,"template":"","meta":[],"product_cat":[2480],"product_tag":[],"class_list":{"0":"post-51862","1":"product","2":"type-product","3":"status-publish","4":"has-post-thumbnail","6":"product_cat-sem-categoria","8":"first","9":"instock","10":"shipping-taxable","11":"purchasable","12":"product-type-simple"},"fifu_image_url":"https:\/\/orgbling.s3.amazonaws.com\/25e28644d5bc765187a98d9415eab57d\/339e4a66432731d995b0c2e48dec7802?AWSAccessKeyId=AKIATCLMSGFX4J7TU445&Expires=1732233698&Signature=eqniTz%2Bk6mBjFf6ypWDx%2BEN600s%3D","_links":{"self":[{"href":"https:\/\/estiloromano.smartjoias.com.br\/escolhas\/wp-json\/wp\/v2\/product\/51862","targetHints":{"allow":["GET"]}}],"collection":[{"href":"https:\/\/estiloromano.smartjoias.com.br\/escolhas\/wp-json\/wp\/v2\/product"}],"about":[{"href":"https:\/\/estiloromano.smartjoias.com.br\/escolhas\/wp-json\/wp\/v2\/types\/product"}],"wp:featuredmedia":[{"embeddable":true,"href":"https:\/\/estiloromano.smartjoias.com.br\/escolhas\/wp-json\/wp\/v2\/media\/104353"}],"wp:attachment":[{"href":"https:\/\/estiloromano.smartjoias.com.br\/escolhas\/wp-json\/wp\/v2\/media?parent=51862"}],"wp:term":[{"taxonomy":"product_cat","embeddable":true,"href":"https:\/\/estiloromano.smartjoias.com.br\/escolhas\/wp-json\/wp\/v2\/product_cat?post=51862"},{"taxonomy":"product_tag","embeddable":true,"href":"https:\/\/estiloromano.smartjoias.com.br\/escolhas\/wp-json\/wp\/v2\/product_tag?post=51862"}],"curies":[{"name":"wp","href":"https:\/\/api.w.org\/{rel}","templated":true}]}}