{"id":51894,"date":"2024-03-12T05:06:53","date_gmt":"2024-03-12T08:06:53","guid":{"rendered":"https:\/\/estiloromano.smartjoias.com.br\/escolhas\/shop\/sem categoria\/pulseira-elos-coracoes-banhado-a-rodio-branco\/"},"modified":"2024-11-14T21:01:44","modified_gmt":"2024-11-15T00:01:44","slug":"pulseira-elos-coracoes-banhado-a-rodio-branco","status":"publish","type":"product","link":"https:\/\/estiloromano.smartjoias.com.br\/escolhas\/shop\/sem-categoria\/pulseira-elos-coracoes-banhado-a-rodio-branco\/","title":{"rendered":"Pulseira Elos Cora\u00e7\u00f5es &#8211; Banhado a R\u00f3dio Branco"},"content":{"rendered":"<p>Pulseira Elos Cora\u00e7\u00f5es &#8211; Banhado a R\u00f3dio Branco<\/p>\n","protected":false},"excerpt":{"rendered":"<p>Pulseira Elos Cora\u00e7\u00f5es &#8211; Banhado a R\u00f3dio Branco<\/p>\n","protected":false},"featured_media":104312,"template":"","meta":[],"product_cat":[2480],"product_tag":[],"class_list":{"0":"post-51894","1":"product","2":"type-product","3":"status-publish","4":"has-post-thumbnail","6":"product_cat-sem-categoria","8":"first","9":"instock","10":"shipping-taxable","11":"purchasable","12":"product-type-simple"},"fifu_image_url":"https:\/\/orgbling.s3.amazonaws.com\/25e28644d5bc765187a98d9415eab57d\/15557590838769ff80c94dfa3986a865?AWSAccessKeyId=AKIATCLMSGFX4J7TU445&Expires=1732233698&Signature=GvgFVhZ%2BGBcLG1q2W9Ts09%2FT5G4%3D","_links":{"self":[{"href":"https:\/\/estiloromano.smartjoias.com.br\/escolhas\/wp-json\/wp\/v2\/product\/51894","targetHints":{"allow":["GET"]}}],"collection":[{"href":"https:\/\/estiloromano.smartjoias.com.br\/escolhas\/wp-json\/wp\/v2\/product"}],"about":[{"href":"https:\/\/estiloromano.smartjoias.com.br\/escolhas\/wp-json\/wp\/v2\/types\/product"}],"wp:featuredmedia":[{"embeddable":true,"href":"https:\/\/estiloromano.smartjoias.com.br\/escolhas\/wp-json\/wp\/v2\/media\/104312"}],"wp:attachment":[{"href":"https:\/\/estiloromano.smartjoias.com.br\/escolhas\/wp-json\/wp\/v2\/media?parent=51894"}],"wp:term":[{"taxonomy":"product_cat","embeddable":true,"href":"https:\/\/estiloromano.smartjoias.com.br\/escolhas\/wp-json\/wp\/v2\/product_cat?post=51894"},{"taxonomy":"product_tag","embeddable":true,"href":"https:\/\/estiloromano.smartjoias.com.br\/escolhas\/wp-json\/wp\/v2\/product_tag?post=51894"}],"curies":[{"name":"wp","href":"https:\/\/api.w.org\/{rel}","templated":true}]}}