{"id":51903,"date":"2024-03-12T05:15:24","date_gmt":"2024-03-12T08:15:24","guid":{"rendered":"https:\/\/estiloromano.smartjoias.com.br\/escolhas\/shop\/sem categoria\/colar-longo-60cm-elos-coracoes-banhado-a-prata\/"},"modified":"2024-11-14T21:01:57","modified_gmt":"2024-11-15T00:01:57","slug":"colar-longo-60cm-elos-coracoes-banhado-a-prata","status":"publish","type":"product","link":"https:\/\/estiloromano.smartjoias.com.br\/escolhas\/shop\/sem-categoria\/colar-longo-60cm-elos-coracoes-banhado-a-prata\/","title":{"rendered":"Colar Longo 60cm Elos Cora\u00e7\u00f5es &#8211; Banhado a Prata"},"content":{"rendered":"<p>Colar Longo 60cm Elos Cora\u00e7\u00f5es &#8211; Banhado a Prata<\/p>\n","protected":false},"excerpt":{"rendered":"<p>Colar Longo 60cm Elos Cora\u00e7\u00f5es &#8211; Banhado a Prata<\/p>\n","protected":false},"featured_media":104320,"template":"","meta":[],"product_cat":[2480],"product_tag":[],"class_list":{"0":"post-51903","1":"product","2":"type-product","3":"status-publish","4":"has-post-thumbnail","6":"product_cat-sem-categoria","8":"first","9":"instock","10":"shipping-taxable","11":"purchasable","12":"product-type-simple"},"fifu_image_url":"https:\/\/orgbling.s3.amazonaws.com\/25e28644d5bc765187a98d9415eab57d\/3dee53d44421deb5658add5883f1cdd3?AWSAccessKeyId=AKIATCLMSGFX4J7TU445&Expires=1732233698&Signature=SC6tTq6zlZ5aaPwl62BYfWdyUHE%3D","_links":{"self":[{"href":"https:\/\/estiloromano.smartjoias.com.br\/escolhas\/wp-json\/wp\/v2\/product\/51903","targetHints":{"allow":["GET"]}}],"collection":[{"href":"https:\/\/estiloromano.smartjoias.com.br\/escolhas\/wp-json\/wp\/v2\/product"}],"about":[{"href":"https:\/\/estiloromano.smartjoias.com.br\/escolhas\/wp-json\/wp\/v2\/types\/product"}],"wp:featuredmedia":[{"embeddable":true,"href":"https:\/\/estiloromano.smartjoias.com.br\/escolhas\/wp-json\/wp\/v2\/media\/104320"}],"wp:attachment":[{"href":"https:\/\/estiloromano.smartjoias.com.br\/escolhas\/wp-json\/wp\/v2\/media?parent=51903"}],"wp:term":[{"taxonomy":"product_cat","embeddable":true,"href":"https:\/\/estiloromano.smartjoias.com.br\/escolhas\/wp-json\/wp\/v2\/product_cat?post=51903"},{"taxonomy":"product_tag","embeddable":true,"href":"https:\/\/estiloromano.smartjoias.com.br\/escolhas\/wp-json\/wp\/v2\/product_tag?post=51903"}],"curies":[{"name":"wp","href":"https:\/\/api.w.org\/{rel}","templated":true}]}}