{"id":51945,"date":"2024-03-12T05:23:06","date_gmt":"2024-03-12T08:23:06","guid":{"rendered":"https:\/\/estiloromano.smartjoias.com.br\/escolhas\/shop\/sem categoria\/piercing-umbigo-bolinha-com-zirconia-lavanda-em-aco\/"},"modified":"2024-11-14T21:02:52","modified_gmt":"2024-11-15T00:02:52","slug":"piercing-umbigo-bolinha-com-zirconia-lavanda-em-aco","status":"publish","type":"product","link":"https:\/\/estiloromano.smartjoias.com.br\/escolhas\/shop\/sem-categoria\/piercing-umbigo-bolinha-com-zirconia-lavanda-em-aco\/","title":{"rendered":"Piercing Umbigo Bolinha com Zirc\u00f4nia Lavanda em A\u00e7o"},"content":{"rendered":"<p>Piercing Umbigo Bolinha com Zirc\u00f4nia Lavanda em A\u00e7o<\/p>\n","protected":false},"excerpt":{"rendered":"<p>Piercing Umbigo Bolinha com Zirc\u00f4nia Lavanda em A\u00e7o<\/p>\n","protected":false},"featured_media":104332,"template":"","meta":[],"product_cat":[2480],"product_tag":[],"class_list":{"0":"post-51945","1":"product","2":"type-product","3":"status-publish","4":"has-post-thumbnail","6":"product_cat-sem-categoria","8":"first","9":"instock","10":"shipping-taxable","11":"purchasable","12":"product-type-simple"},"fifu_image_url":"https:\/\/orgbling.s3.amazonaws.com\/25e28644d5bc765187a98d9415eab57d\/f6230a02922e0fb2b157d0a59d8f6f8a?AWSAccessKeyId=AKIATCLMSGFX4J7TU445&Expires=1732233698&Signature=0%2BiL471KY7jQP8wleRbDRYND9yw%3D","_links":{"self":[{"href":"https:\/\/estiloromano.smartjoias.com.br\/escolhas\/wp-json\/wp\/v2\/product\/51945","targetHints":{"allow":["GET"]}}],"collection":[{"href":"https:\/\/estiloromano.smartjoias.com.br\/escolhas\/wp-json\/wp\/v2\/product"}],"about":[{"href":"https:\/\/estiloromano.smartjoias.com.br\/escolhas\/wp-json\/wp\/v2\/types\/product"}],"wp:featuredmedia":[{"embeddable":true,"href":"https:\/\/estiloromano.smartjoias.com.br\/escolhas\/wp-json\/wp\/v2\/media\/104332"}],"wp:attachment":[{"href":"https:\/\/estiloromano.smartjoias.com.br\/escolhas\/wp-json\/wp\/v2\/media?parent=51945"}],"wp:term":[{"taxonomy":"product_cat","embeddable":true,"href":"https:\/\/estiloromano.smartjoias.com.br\/escolhas\/wp-json\/wp\/v2\/product_cat?post=51945"},{"taxonomy":"product_tag","embeddable":true,"href":"https:\/\/estiloromano.smartjoias.com.br\/escolhas\/wp-json\/wp\/v2\/product_tag?post=51945"}],"curies":[{"name":"wp","href":"https:\/\/api.w.org\/{rel}","templated":true}]}}