{"id":54913,"date":"2024-04-19T11:05:02","date_gmt":"2024-04-19T14:05:02","guid":{"rendered":"https:\/\/estiloromano.smartjoias.com.br\/escolhas\/shop\/sem categoria\/piercing-argolinha-cravejada-2-linhas-torcao-em-aco-banhado-a-ouro\/"},"modified":"2024-11-14T20:54:14","modified_gmt":"2024-11-14T23:54:14","slug":"piercing-argolinha-cravejada-2-linhas-torcao-em-aco-banhado-a-ouro","status":"publish","type":"product","link":"https:\/\/estiloromano.smartjoias.com.br\/escolhas\/shop\/sem-categoria\/piercing-argolinha-cravejada-2-linhas-torcao-em-aco-banhado-a-ouro\/","title":{"rendered":"Piercing Argolinha Cravejada 2 Linhas Tor\u00e7\u00e3o em A\u00e7o Banhado a Ouro"},"content":{"rendered":"<p>Piercing Argolinha Cravejada 2 Linhas Tor\u00e7\u00e3o em A\u00e7o Banhado a Ouro<\/p>\n","protected":false},"excerpt":{"rendered":"<p>Piercing Argolinha Cravejada 2 Linhas Tor\u00e7\u00e3o em A\u00e7o Banhado a Ouro<\/p>\n","protected":false},"featured_media":104072,"template":"","meta":[],"product_cat":[2480],"product_tag":[],"class_list":{"0":"post-54913","1":"product","2":"type-product","3":"status-publish","4":"has-post-thumbnail","6":"product_cat-sem-categoria","8":"first","9":"instock","10":"shipping-taxable","11":"purchasable","12":"product-type-simple"},"fifu_image_url":"https:\/\/orgbling.s3.amazonaws.com\/25e28644d5bc765187a98d9415eab57d\/b85ad962fd251ce1c5ef76ff4c176c83?AWSAccessKeyId=AKIATCLMSGFX4J7TU445&Expires=1732233127&Signature=Kb1gh4rQDe%2FDVk3ym9KKvvG8%2Fas%3D","_links":{"self":[{"href":"https:\/\/estiloromano.smartjoias.com.br\/escolhas\/wp-json\/wp\/v2\/product\/54913","targetHints":{"allow":["GET"]}}],"collection":[{"href":"https:\/\/estiloromano.smartjoias.com.br\/escolhas\/wp-json\/wp\/v2\/product"}],"about":[{"href":"https:\/\/estiloromano.smartjoias.com.br\/escolhas\/wp-json\/wp\/v2\/types\/product"}],"wp:featuredmedia":[{"embeddable":true,"href":"https:\/\/estiloromano.smartjoias.com.br\/escolhas\/wp-json\/wp\/v2\/media\/104072"}],"wp:attachment":[{"href":"https:\/\/estiloromano.smartjoias.com.br\/escolhas\/wp-json\/wp\/v2\/media?parent=54913"}],"wp:term":[{"taxonomy":"product_cat","embeddable":true,"href":"https:\/\/estiloromano.smartjoias.com.br\/escolhas\/wp-json\/wp\/v2\/product_cat?post=54913"},{"taxonomy":"product_tag","embeddable":true,"href":"https:\/\/estiloromano.smartjoias.com.br\/escolhas\/wp-json\/wp\/v2\/product_tag?post=54913"}],"curies":[{"name":"wp","href":"https:\/\/api.w.org\/{rel}","templated":true}]}}