{"id":58213,"date":"2024-05-10T13:45:45","date_gmt":"2024-05-10T16:45:45","guid":{"rendered":"https:\/\/estiloromano.smartjoias.com.br\/escolhas\/shop\/sem categoria\/colar-mandala-coracoes-menino-e-menina-banhado-a-rodio-branco\/"},"modified":"2025-02-17T11:03:24","modified_gmt":"2025-02-17T14:03:24","slug":"colar-mandala-coracoes-menino-e-menina-banhado-a-rodio-branco","status":"publish","type":"product","link":"https:\/\/estiloromano.smartjoias.com.br\/escolhas\/shop\/sem-categoria\/colar-mandala-coracoes-menino-e-menina-banhado-a-rodio-branco\/","title":{"rendered":"Colar Mandala Cora\u00e7\u00f5es Menino e Menina &#8211; Banhado a R\u00f3dio Branco"},"content":{"rendered":"<p>Colar Mandala Cora\u00e7\u00f5es Menino e Menina &#8211; Banhado a R\u00f3dio Branco<\/p>\n","protected":false},"excerpt":{"rendered":"<p>Colar Mandala Cora\u00e7\u00f5es Menino e Menina &#8211; Banhado a R\u00f3dio Branco<\/p>\n","protected":false},"featured_media":104044,"template":"","meta":[],"product_cat":[2480],"product_tag":[],"class_list":{"0":"post-58213","1":"product","2":"type-product","3":"status-publish","4":"has-post-thumbnail","6":"product_cat-sem-categoria","8":"first","9":"instock","10":"shipping-taxable","11":"purchasable","12":"product-type-simple"},"fifu_image_url":"https:\/\/orgbling.s3.amazonaws.com\/25e28644d5bc765187a98d9415eab57d\/4f6562b8e540e0f0e01521eb1a62d063?AWSAccessKeyId=AKIATCLMSGFX4J7TU445&Expires=1740405790&Signature=IkJPCFtm9mthZ%2F%2Fya8NFP7Sqa9k%3D","_links":{"self":[{"href":"https:\/\/estiloromano.smartjoias.com.br\/escolhas\/wp-json\/wp\/v2\/product\/58213","targetHints":{"allow":["GET"]}}],"collection":[{"href":"https:\/\/estiloromano.smartjoias.com.br\/escolhas\/wp-json\/wp\/v2\/product"}],"about":[{"href":"https:\/\/estiloromano.smartjoias.com.br\/escolhas\/wp-json\/wp\/v2\/types\/product"}],"wp:featuredmedia":[{"embeddable":true,"href":"https:\/\/estiloromano.smartjoias.com.br\/escolhas\/wp-json\/wp\/v2\/media\/104044"}],"wp:attachment":[{"href":"https:\/\/estiloromano.smartjoias.com.br\/escolhas\/wp-json\/wp\/v2\/media?parent=58213"}],"wp:term":[{"taxonomy":"product_cat","embeddable":true,"href":"https:\/\/estiloromano.smartjoias.com.br\/escolhas\/wp-json\/wp\/v2\/product_cat?post=58213"},{"taxonomy":"product_tag","embeddable":true,"href":"https:\/\/estiloromano.smartjoias.com.br\/escolhas\/wp-json\/wp\/v2\/product_tag?post=58213"}],"curies":[{"name":"wp","href":"https:\/\/api.w.org\/{rel}","templated":true}]}}