{"id":59884,"date":"2024-05-17T19:54:22","date_gmt":"2024-05-17T22:54:22","guid":{"rendered":"https:\/\/estiloromano.smartjoias.com.br\/escolhas\/shop\/sem categoria\/alianca-tungstenio-chanfrada-3mm-tamanho18\/"},"modified":"2025-02-17T11:02:31","modified_gmt":"2025-02-17T14:02:31","slug":"alianca-tungstenio-chanfrada-3mm-tamanho18","status":"publish","type":"product","link":"https:\/\/estiloromano.smartjoias.com.br\/escolhas\/shop\/sem-categoria\/alianca-tungstenio-chanfrada-3mm-tamanho18\/","title":{"rendered":"Alian\u00e7a Tungst\u00eanio Chanfrada &#8211; 3mm Tamanho:18"},"content":{"rendered":"<p>Alian\u00e7a Tungst\u00eanio Chanfrada &#8211; 3mm Tamanho:18<\/p>\n","protected":false},"excerpt":{"rendered":"<p>Alian\u00e7a Tungst\u00eanio Chanfrada &#8211; 3mm Tamanho:18<\/p>\n","protected":false},"featured_media":104013,"template":"","meta":[],"product_cat":[2480],"product_tag":[],"class_list":{"0":"post-59884","1":"product","2":"type-product","3":"status-publish","4":"has-post-thumbnail","6":"product_cat-sem-categoria","8":"first","9":"instock","10":"shipping-taxable","11":"purchasable","12":"product-type-simple"},"fifu_image_url":"https:\/\/orgbling.s3.amazonaws.com\/25e28644d5bc765187a98d9415eab57d\/ae41aa77e57f29eb717f0ceffc130f77?AWSAccessKeyId=AKIATCLMSGFX4J7TU445&Expires=1740405648&Signature=B8%2FTwPP8Odyj8VuhC%2B6YKUBehog%3D","_links":{"self":[{"href":"https:\/\/estiloromano.smartjoias.com.br\/escolhas\/wp-json\/wp\/v2\/product\/59884","targetHints":{"allow":["GET"]}}],"collection":[{"href":"https:\/\/estiloromano.smartjoias.com.br\/escolhas\/wp-json\/wp\/v2\/product"}],"about":[{"href":"https:\/\/estiloromano.smartjoias.com.br\/escolhas\/wp-json\/wp\/v2\/types\/product"}],"wp:featuredmedia":[{"embeddable":true,"href":"https:\/\/estiloromano.smartjoias.com.br\/escolhas\/wp-json\/wp\/v2\/media\/104013"}],"wp:attachment":[{"href":"https:\/\/estiloromano.smartjoias.com.br\/escolhas\/wp-json\/wp\/v2\/media?parent=59884"}],"wp:term":[{"taxonomy":"product_cat","embeddable":true,"href":"https:\/\/estiloromano.smartjoias.com.br\/escolhas\/wp-json\/wp\/v2\/product_cat?post=59884"},{"taxonomy":"product_tag","embeddable":true,"href":"https:\/\/estiloromano.smartjoias.com.br\/escolhas\/wp-json\/wp\/v2\/product_tag?post=59884"}],"curies":[{"name":"wp","href":"https:\/\/api.w.org\/{rel}","templated":true}]}}