{"id":67094,"date":"2024-07-04T15:26:31","date_gmt":"2024-07-04T18:26:31","guid":{"rendered":"https:\/\/estiloromano.smartjoias.com.br\/escolhas\/shop\/sem categoria\/choker-perolas-com-coracao-pendente-banhado-a-ouro-2\/"},"modified":"2025-02-20T02:57:53","modified_gmt":"2025-02-20T05:57:53","slug":"choker-perolas-com-coracao-pendente-banhado-a-ouro-2","status":"publish","type":"product","link":"https:\/\/estiloromano.smartjoias.com.br\/escolhas\/shop\/sem-categoria\/choker-perolas-com-coracao-pendente-banhado-a-ouro-2\/","title":{"rendered":"Choker P\u00e9rolas com Cora\u00e7\u00e3o Pendente &#8211; Banhado a Ouro"},"content":{"rendered":"<p>Choker P\u00e9rolas com Cora\u00e7\u00e3o Pendente &#8211; Banhado a Ouro<\/p>\n","protected":false},"excerpt":{"rendered":"<p>Choker P\u00e9rolas com Cora\u00e7\u00e3o Pendente &#8211; Banhado a Ouro<\/p>\n","protected":false},"featured_media":103682,"template":"","meta":[],"product_cat":[2480],"product_tag":[],"class_list":{"0":"post-67094","1":"product","2":"type-product","3":"status-publish","4":"has-post-thumbnail","6":"product_cat-sem-categoria","8":"first","9":"instock","10":"shipping-taxable","11":"purchasable","12":"product-type-simple"},"fifu_image_url":"https:\/\/orgbling.s3.amazonaws.com\/25e28644d5bc765187a98d9415eab57d\/8af8009f1487d665a51f01602adb8798?AWSAccessKeyId=AKIATCLMSGFX4J7TU445&Expires=1740635793&Signature=M0%2BonifqbEJm3DW0lLLmboCaHbU%3D","_links":{"self":[{"href":"https:\/\/estiloromano.smartjoias.com.br\/escolhas\/wp-json\/wp\/v2\/product\/67094","targetHints":{"allow":["GET"]}}],"collection":[{"href":"https:\/\/estiloromano.smartjoias.com.br\/escolhas\/wp-json\/wp\/v2\/product"}],"about":[{"href":"https:\/\/estiloromano.smartjoias.com.br\/escolhas\/wp-json\/wp\/v2\/types\/product"}],"wp:featuredmedia":[{"embeddable":true,"href":"https:\/\/estiloromano.smartjoias.com.br\/escolhas\/wp-json\/wp\/v2\/media\/103682"}],"wp:attachment":[{"href":"https:\/\/estiloromano.smartjoias.com.br\/escolhas\/wp-json\/wp\/v2\/media?parent=67094"}],"wp:term":[{"taxonomy":"product_cat","embeddable":true,"href":"https:\/\/estiloromano.smartjoias.com.br\/escolhas\/wp-json\/wp\/v2\/product_cat?post=67094"},{"taxonomy":"product_tag","embeddable":true,"href":"https:\/\/estiloromano.smartjoias.com.br\/escolhas\/wp-json\/wp\/v2\/product_tag?post=67094"}],"curies":[{"name":"wp","href":"https:\/\/api.w.org\/{rel}","templated":true}]}}