{"id":78378,"date":"2024-08-03T00:02:35","date_gmt":"2024-08-03T03:02:35","guid":{"rendered":"https:\/\/estiloromano.smartjoias.com.br\/escolhas\/shop\/sem categoria\/brinco-argolinha-cravejada-com-coracao-pendente-banhado-a-rodio-branco\/"},"modified":"2025-03-05T08:35:48","modified_gmt":"2025-03-05T11:35:48","slug":"brinco-argolinha-cravejada-com-coracao-pendente-banhado-a-rodio-branco","status":"publish","type":"product","link":"https:\/\/estiloromano.smartjoias.com.br\/escolhas\/shop\/sem-categoria\/brinco-argolinha-cravejada-com-coracao-pendente-banhado-a-rodio-branco\/","title":{"rendered":"Brinco Argolinha Cravejada com Cora\u00e7\u00e3o Pendente &#8211; Banhado a R\u00f3dio Branco"},"content":{"rendered":"<p>Brinco Argolinha Cravejada com Cora\u00e7\u00e3o Pendente &#8211; Banhado a R\u00f3dio Branco<\/p>\n","protected":false},"excerpt":{"rendered":"<p>Brinco Argolinha Cravejada com Cora\u00e7\u00e3o Pendente &#8211; Banhado a R\u00f3dio Branco<\/p>\n","protected":false},"featured_media":103297,"template":"","meta":[],"product_cat":[2480],"product_tag":[],"class_list":{"0":"post-78378","1":"product","2":"type-product","3":"status-publish","4":"has-post-thumbnail","6":"product_cat-sem-categoria","8":"first","9":"instock","10":"shipping-taxable","11":"purchasable","12":"product-type-simple"},"fifu_image_url":"https:\/\/orgbling.s3.amazonaws.com\/25e28644d5bc765187a98d9415eab57d\/be84985f806973b56d0965ebfe4d65d4?AWSAccessKeyId=AKIATCLMSGFX4J7TU445&Expires=1741779286&Signature=ARXcPd1iXoK4CIEnkKuXV6kr2e8%3D","_links":{"self":[{"href":"https:\/\/estiloromano.smartjoias.com.br\/escolhas\/wp-json\/wp\/v2\/product\/78378","targetHints":{"allow":["GET"]}}],"collection":[{"href":"https:\/\/estiloromano.smartjoias.com.br\/escolhas\/wp-json\/wp\/v2\/product"}],"about":[{"href":"https:\/\/estiloromano.smartjoias.com.br\/escolhas\/wp-json\/wp\/v2\/types\/product"}],"wp:featuredmedia":[{"embeddable":true,"href":"https:\/\/estiloromano.smartjoias.com.br\/escolhas\/wp-json\/wp\/v2\/media\/103297"}],"wp:attachment":[{"href":"https:\/\/estiloromano.smartjoias.com.br\/escolhas\/wp-json\/wp\/v2\/media?parent=78378"}],"wp:term":[{"taxonomy":"product_cat","embeddable":true,"href":"https:\/\/estiloromano.smartjoias.com.br\/escolhas\/wp-json\/wp\/v2\/product_cat?post=78378"},{"taxonomy":"product_tag","embeddable":true,"href":"https:\/\/estiloromano.smartjoias.com.br\/escolhas\/wp-json\/wp\/v2\/product_tag?post=78378"}],"curies":[{"name":"wp","href":"https:\/\/api.w.org\/{rel}","templated":true}]}}